ue
Is 81 a factor of 24705?
True
Is 9 a factor of 108?
True
Is 9 a factor of 12434?
False
Does 42 divide 2223?
False
Is 103 a factor of 1545?
True
Does 12 divide 778?
False
Is 37296 a multiple of 111?
True
Is 4590 a multiple of 30?
True
Is 25047 a multiple of 30?
False
Is 10581 a multiple of 16?
False
Is 3117 a multiple of 5?
False
Is 3481 a multiple of 59?
True
Is 45108 a multiple of 9?
True
Is 15 a factor of 510?
True
Does 121 divide 2607?
False
Is 5 a factor of 975?
True
Is 9960 a multiple of 30?
True
Is 3 a factor of 781?
False
Is 1330 a multiple of 10?
True
Is 44 a factor of 1560?
False
Is 331 a multiple of 17?
False
Does 32 divide 21536?
True
Does 21 divide 21867?
False
Does 4 divide 27352?
True
Is 31 a factor of 24709?
False
Does 43 divide 503?
False
Is 41581 a multiple of 11?
False
Is 62 a multiple of 22?
False
Does 8 divide 45?
False
Is 101154 a multiple of 269?
False
Is 794 a multiple of 4?
False
Is 12646 a multiple of 169?
False
Is 7 a factor of 98?
True
Is 207 a multiple of 3?
True
Is 54 a factor of 8143?
False
Is 89 a factor of 17775?
False
Is 87 a factor of 576?
False
Is 68160 a multiple of 30?
True
Does 10 divide 3135?
False
Is 23 a factor of 3036?
True
Does 139 divide 19428?
False
Does 13 divide 442?
True
Does 22 divide 17386?
False
Is 52522 a multiple of 35?
False
Is 210 a multiple of 6?
True
Is 14137 a multiple of 14?
False
Is 18180 a multiple of 22?
False
Is 3574 a multiple of 132?
False
Does 16 divide 49839?
False
Is 1087 a multiple of 57?
False
Does 11 divide 28867?
False
Is 7 a factor of 153?
False
Does 21 divide 26964?
True
Is 6 a factor of 500?
False
Is 2871 a multiple of 39?
False
Is 7696 a multiple of 16?
True
Is 37 a factor of 1517?
True
Does 41 divide 3813?
True
Does 4 divide 6960?
True
Is 4576 a multiple of 26?
True
Does 11 divide 9432?
False
Is 33 a factor of 3889?
False
Is 11198 a multiple of 22?
True
Is 8 a factor of 99?
False
Does 8 divide 3976?
True
Is 29 a factor of 579?
False
Is 12 a factor of 272?
False
Does 17 divide 595?
True
Is 6057 a multiple of 13?
False
Does 5 divide 6312?
False
Is 38854 a multiple of 204?
False
Is 23 a factor of 7424?
False
Does 7 divide 7477?
False
Is 343 a multiple of 49?
True
Does 21 divide 6195?
True
Does 12 divide 241?
False
Is 15 a factor of 2415?
True
Does 63 divide 1508?
False
Is 51 a factor of 5256?
False
Is 391 a multiple of 20?
False
Does 32 divide 159?
False
Does 193 divide 31266?
True
Does 13 divide 565?
False
Is 4 a factor of 15316?
True
Is 220 a multiple of 10?
True
Does 8 divide 24?
True
Is 16 a factor of 2496?
True
Does 150 divide 7418?
False
Is 240 a multiple of 5?
True
Is 14 a factor of 8274?
True
Is 19 a factor of 1517?
False
Does 145 divide 1247?
False
Is 6 a factor of 87270?
True
Does 184 divide 2024?
True
Is 14 a factor of 5348?
True
Does 82 divide 410?
True
Does 71 divide 623?
False
Does 14 divide 574?
True
Is 2940 a multiple of 105?
True
Is 137 a factor of 5685?
False
Is 10 a factor of 330?
True
Is 65 a factor of 144?
False
Is 9 a factor of 4791?
False
Is 41 a factor of 5207?
True
Does 40 divide 520?
True
Is 111 a multiple of 27?
False
Is 43 a factor of 42534?
False
Does 34 divide 578?
True
Is 10 a factor of 13610?
True
Is 4337 a multiple of 15?
False
Is 3 a factor of 696?
True
Is 24 a factor of 16688?
False
Is 19602 a multiple of 11?
True
Is 1890 a multiple of 21?
True
Does 36 divide 63108?
True
Is 6 a factor of 38929?
False
Does 54 divide 324?
True
Is 7 a factor of 1140?
False
Is 94 even?
True
Is 2983 a multiple of 34?
False
Does 23 divide 5224?
False
Does 8 divide 393?
False
Is 253 a multiple of 10?
False
Is 23 a factor of 253?
True
Does 5 divide 9840?
True
Is 34 a factor of 19244?
True
Does 13 divide 2015?
True
Is 2 a factor of 69?
False
Is 7 a factor of 27545?
True
Is 4 a factor of 22?
False
Is 72 a factor of 52198?
False
Does 16 divide 4141?
False
Does 53 divide 48919?
True
Is 34 a factor of 23562?
True
Is 5225 a multiple of 19?
True
Does 10 divide 1460?
True
Does 159 divide 39086?
False
Is 45 a factor of 29160?
True
Is 21 a factor of 1142?
False
Does 12 divide 3559?
False
Is 6123 a multiple of 3?
True
Is 68 a factor of 15368?
True
Is 9 a factor of 3059?
False
Is 5365 a multiple of 29?
True
Is 19 a factor of 9338?
False
Is 782 a multiple of 46?
True
Does 184 divide 3661?
False
Is 2 a factor of 55?
False
Is 52 a factor of 848?
False
Does 51 divide 13463?
False
Is 14045 a multiple of 171?
False
Is 14725 a multiple of 118?
False
Is 17 a factor of 1785?
True
Is 15895 a multiple of 55?
True
Is 1872 a multiple of 16?
True
Does 55 divide 17346?
False
Is 18 a factor of 65412?
True
Is 484 a multiple of 11?
True
Is 88 a factor of 2226?
False
Does 12 divide 22320?
True
Does 47 divide 539?
False
Is 377 a multiple of 7?
False
Is 4 a factor of 13?
False
Does 41 divide 3289?
False
Does 43 divide 301?
True
Is 55 a factor of 4455?
True
Does 20 divide 1202?
False
Does 29 divide 6111?
False
Is 51 a factor of 1776?
False
Does 47 divide 5422?
False
Is 4712 a multiple of 76?
True
Does 48 divide 2649?
False
Is 144 a multiple of 16?
True
Is 29 a factor of 82980?
False
Is 754 a multiple of 56?
False
Is 2 a factor of 8?
True
Is 81992 a multiple of 277?
True
Is 1543 a multiple of 4?
False
Is 71649 a multiple of 21?
False
Does 6 divide 10536?
True
Is 24 a factor of 35376?
True
Does 6 divide 103?
False
Does 20 divide 4580?
True
Is 13 a factor of 39117?
True
Does 7 divide 1979?
False
Is 91 a factor of 28210?
True
Is 288 a multiple of 12?
True
Is 10 a factor of 40?
True
Is 8 a factor of 1132?
False
Is 20 a factor of 651?
False
Does 43 divide 9077?
False
Is 46 a factor of 7226?
False
Is 9 a factor of 6304?
False
Does 13 divide 23946?
True
Does 3 divide 13296?
True
Is 202 a factor of 26079?
False
Is 16 a factor of 31805?
False
Does 92 divide 1593?
False
Is 93508 a multiple of 25?
False
Is 161 a multiple of 20?
False
Is 15 a factor of 26039?
False
Is 32 a factor of 7488?
True
Does 4 divide 896?
True
Is 6 a factor of 1326?
True
Does 58 divide 17566?
False
Does 190 divide 8930?
True
Does 42 divide 630?
True
Is 3095 a multiple of 59?
False
Is 17 a factor of 38981?
True
Does 34 divide 96?
False
Is 53 a factor of 7136?
False
Does 4 divide 255?
False
Is 37877 a multiple of 228?
False
Is 1580 a multiple of 39?
False
Is 16 a factor of 232?
False
Is 1840 a multiple of 106?
False
Is 2574 a multiple of 18?
True
Is 4685 a multiple of 52?
False
Is 2 a factor of 332?
True
Is 4563 a multiple of 13?
True
Is 24 a factor of 1248?
True
Is 1960 a multiple of 5?
True
Does 17 divide 225?
False
Is 62 a multiple of 31?
True
Is 16239 a multiple of 3?
True
Is 22 a factor of 639?
False
Is 16 a factor of 132?
False
Is 1272 a multiple of 24?
True
Is 26 a factor of 44720?
True
Is 69 even?
False
Does 47 divide 38482?
False
Is 20124 a multiple of 9?
True
Is 188 a factor of 48658?
False
Is 4048 a multiple of 4?
True
Is 6675 a multiple of 25?
True
Is 42 a factor of 4788?
True
Is 132 a factor of 16236?
True
Is 51388 a multiple of 29?
True
Is 385 a multiple of 34?
False
Is 3408 a multiple of 71?
True
Is 58 a factor of 3322?
False
Is 18 a factor of 4380?
False
Is 3957 a multiple of 18?
False
Does 25 divide 791?
False
Is 13 a factor of 671?
False
Does 35 divide 882?
False
Is 12 a factor of 10620?
True
Does 104 divide 6240?
True
Is 15003 a multiple of 4?
False
Does 41 divide 29891?
False
Does 65 divide 2188?
False
Is 25 a factor of 1859?
False
Is 26558 a multiple of 92?
False
Does 9 divide 2941?
False
Is 3215 a multiple of 56?
False
Is 21 a factor of 5523?
True
Is 44 a factor of 722?
False
Is 76 a multiple of 11?
False
Is 172 a factor of 65769?
False
Does 61 divide 2013?
True
Does 21 divide 18858?
True
Is 4434 a multiple of 2?
True
Is 6 a factor of 161?
False
Is 19 a factor of 1305?
False
Does 11 divide 418?
True
Is 5 a factor of 300?
True
Is 627 a multiple of 11?
True
Does 37 divide 480?
False
Is 21 a factor of 750?
False
Does 41 divide 34883?
False
Is 23 a factor of 138?
True
Does 19 divide 17642?
False
Does 49 divide 6686?
False
Is 82 a factor of 6068?
True
Does 22 divide 11291?
False
Does 15 divide 2700?
True
Is 6 a factor of 3947?
False
Is 16536 a multiple of 39?
True
Is 328 a factor of 14104?
True
Is 141 a factor of 1692?
True
Is 20 a factor of 240?
True
Is 224 a multiple of 56?
True
Is 332 a factor of 11620?
True